ided by a?
8
Let g(p) = -p + 1. Let q be g(-6). Suppose -8 = -q*c + 5*c. Calculate the remainder when 9 is divided by c.
1
Let g(m) = m + 14. Let k be g(-6). Suppose j + 1 = k. What is the remainder when 19 is divided by j?
5
Suppose -o + 2*o - 31 = -2*l, -2*o = 3*l - 48. Let y(d) = -d**3 - 10*d**2 - 11*d + 8. Let q = 11 - 20. Calculate the remainder when y(q) is divided by l.
12
Let v(h) = h**2 + 9*h + 3. What is the remainder when v(-18) is divided by 14?
11
Suppose -29*m + 24*m + 205 = 0. Calculate the remainder when 242 is divided by m.
37
Let q(o) = -o**2 + 10. Let r = 4 - 4. What is the remainder when 37 is divided by q(r)?
7
Let w = 22 + -14. Calculate the remainder when 29 is divided by w.
5
Suppose -2*r = 4*d + 182, d + 3*r + 0*r = -58. Let t = d - -75. Suppose -4*i + 36 = -8. What is the remainder when t is divided by i?
10
Let a(t) = t**3 + 16*t**2 + 16. Calculate the remainder when 29 is divided by a(-16).
13
Suppose 0 = -2*g + 6*g + 544. Suppose 54 = 5*j - 21. Calculate the remainder when (g/(-12) - 2)*3 is divided by j.
13
Let x = -7 + -5. Let o = x + 18. What is the remainder when 11 is divided by o?
5
Calculate the remainder when 42 is divided by (-33)/2*(-8)/12.
9
Let s be 7/2 + (-6)/4. Suppose 3*i - 6*x - 225 = -x, -375 = -5*i + 3*x. Suppose -i - 53 = -s*h. What is the remainder when h is divided by 22?
20
Let j = -66 + 91. Calculate the remainder when 74 is divided by j.
24
What is the remainder when 0 - -3 - (5 + 147)*-1 is divided by 39?
38
Let t(g) = g - 5. Let l be t(5). Let s(x) = x**3 - x**2 + 17. What is the remainder when 33 is divided by s(l)?
16
Suppose -f - 27 = -3*a, 2*f - 7 = -2*a + 19. What is the remainder when 512/a - (-2)/(-10) is divided by 26?
25
Let a(z) = 19*z + 1. Let f = 23 + -13. Calculate the remainder when a(2) is divided by f.
9
Suppose -5*c + 22 = -2*d + 6*d, 0 = -d - 3*c + 9. Let f be (-4)/(-2) - (-6)/d. Suppose 0 = -t + f + 9. What is the remainder when 37 is divided by t?
11
Let r(s) = 8*s + 1. Let y = 0 - -7. Suppose 0 = -j + 2*m - y*m + 50, 0 = -3*j - m + 80. Calculate the remainder when j is divided by r(1).
7
What is the remainder when 10/(-4)*(-14 + -8) is divided by 19?
17
Suppose s + 57 = 2*a - 2*s, 0 = -a + 4*s + 31. Calculate the remainder when a is divided by 12 - 3/((-6)/4).
13
Let h(f) = f**3 + 9*f**2 - 5*f - 9. Let a be h(-9). Let y = 1 + a. Calculate the remainder when y is divided by 19.
18
Let d be 3/3*(-5)/(-1). Let l be 2/d - (-2952)/45. Suppose -4*b = -4*h + 160, 0 = -2*h - 5*b - 0*b + l. What is the remainder when h is divided by 13?
12
Suppose 0*d + 19 = d. What is the remainder when 35 is divided by d?
16
Let r = -4 - 5. Let w(s) = -s**2 - 9*s + 8. Calculate the remainder when 23 is divided by w(r).
7
Suppose 2*l = -3*u + 16, 3*u = -2*u - 4*l + 30. Suppose -q + u*r + 51 = -6, -q - 5*r = -57. Calculate the remainder when q is divided by 15.
12
Let u(g) = g**3 - 4*g**2 - 4*g + 10. Let f = -16 - -45. Calculate the remainder when f is divided by u(5).
14
Let y = -6 + 4. Let q be ((-12)/(-8))/((-1)/y). Suppose 0 = q*i - 6 - 24. What is the remainder when 28 is divided by i?
8
Suppose -s + 79 = 2*z - 86, z - s = 84. What is the remainder when z is divided by 21?
20
Calculate the remainder when 21 + 4/(-4)*-2 is divided by 12.
11
Suppose 5*o - 44 = -c, 4*o - 17 = 3. What is the remainder when 92 is divided by c?
16
Suppose 9 = 3*m - 0. Calculate the remainder when m is divided by 3.
0
Let j(v) = 9*v + 14. Calculate the remainder when j(5) is divided by 15.
14
Let f be ((-3 + 1)/(-2))/(-1). Calculate the remainder when (-2)/(-4)*(-16)/(-2) is divided by f + (-2 - -2) + 3.
0
What is the remainder when 43 is divided by (-1 - 3) + 7 - -2?
3
Suppose 0 = 2*h - 6 + 8. Let t be -1 + (h - -1 - -1). Suppose t*z = z - 18. Calculate the remainder when 53 is divided by z.
17
Suppose -s = -0*q - 5*q - 24, 2*s - 3 = -5*q. Let b = 64 + -39. What is the remainder when b is divided by s?
7
Suppose 0 = 4*z + 5*y - 1 - 3, 2*y = -2*z. What is the remainder when z/14 - 363/(-21) is divided by 9?
8
Suppose 4*s - 30 = 3*m + s, 2*m + 2*s = -4. Let q = m + 14. What is the remainder when q is divided by 6?
2
Let o = 90 - 60. Suppose -3*q - o = -5*v - 0*v, 0 = -3*q - 3*v - 6. Let x = -3 - q. What is the remainder when 5 is divided by x?
1
Let j(x) = -2*x + 116. What is the remainder when j(27) is divided by 21?
20
What is the remainder when 52 is divided by 30*(2/4*2)/2?
7
Suppose -3*m = -4*p + 47, 5*p - 4*m = -9*m + 85. Let r = -30 - -38. Calculate the remainder when p is divided by r.
6
Suppose 6*t = 3*t + 15. Let p(a) be the third derivative of a**5/30 - a**4/12 + a**3/6 - 2*a**2. What is the remainder when p(-2) is divided by t?
3
Suppose -t = -2*s - 3*s + 23, 0 = -s + 5. Suppose 0 = m + 4*z - 27, t*m - 4*z + 6 = -0. What is the remainder when 20 is divided by m?
6
Suppose 0 = -4*d - n + 23, 0 = -d + n - 3*n + 4. Calculate the remainder when 10 is divided by 3/d - (-5)/2.
1
Let n(u) = -u**2 - 7*u - 7. What is the remainder when 58 is divided by n(-4)?
3
Let u = -19 + 80. Suppose -w = -5*d + u, d + 4*w - 34 = -5. What is the remainder when d is divided by 74/14 + 2/(-7)?
3
Suppose 0 = 4*w - 5*w. Suppose w = k + k - 22. What is the remainder when 31 is divided by k?
9
Let b(w) = 13*w**2 + 4*w + 2. Suppose y - 2 = 2*y. Calculate the remainder when b(y) is divided by 24.
22
Suppose -3*p - 2*s - 148 = -0*s, -4*p + s - 179 = 0. Let a = -88 - -18. Let r = p - a. What is the remainder when r is divided by 13?
11
Let l = -26 + 43. Suppose -2*f + 41 = 11. Suppose 4*m = l + f. What is the remainder when m is divided by 5?
3
Let b = 18 - 10. What is the remainder when b is divided by 0 + 1 - 1 - -3?
2
Suppose -13*d + 9*d + 24 = 0. Calculate the remainder when d is divided by 2.
0
Let g = 12 - 7. Let w = 0 + g. Calculate the remainder when 14 is divided by w.
4
Suppose -25 = -0*j - 5*j + 3*w, 3*j = 2*w + 14. What is the remainder when ((-2)/(-12))/((-10)/(-1380)) is divided by j?
7
Suppose -4*w + 116 = -0*w. Suppose -4*h + h = -30. Calculate the remainder when w is divided by h.
9
Suppose w - 3 = -0. Suppose -17 = -l + w*q, 5*l + 2*q - q = 85. Calculate the remainder when l is divided by 5.
2
Suppose 5*r + 2*i = 120, 2*i + 56 = 5*r - 84. Calculate the remainder when 97 is divided by r.
19
Suppose 0 = -4*l - 4*d + 172, -3*l + d - 22 = -143. What is the remainder when l is divided by 3?
2
Let v(n) = -16*n + 3. Suppose 2*t = b + 74, 5*t + 0*t - b = 185. What is the remainder when t is divided by v(-1)?
18
Let j(n) = 40*n**3 - n**2 + n - 1. Calculate the remainder when j(1) is divided by 20.
19
Calculate the remainder when -1*153*(-3 + (-1 - -3)) is divided by 22.
21
Suppose 0 = -4*k - 17 + 5. Let g be 3/(2*k)*-236. Suppose -4*r = -6*r + g. Calculate the remainder when r is divided by 20.
19
Let c(l) = -3*l - 6. Let q = 18 - 21. Calculate the remainder when 5 is divided by c(q).
2
Suppose -4 - 4 = -2*n. Suppose -40 = -4*u - n. What is the remainder when u is divided by 5?
4
What is the remainder when 53 is divided by (-261)/(-6)*(-12)/(-18)?
24
What is the remainder when 18 is divided by ((-21)/(-15))/(1/5)?
4
Let p(k) = k**2 - 12*k - 18. Let w = -4 - -8. What is the remainder when p(14) is divided by w?
2
Suppose 5*s - 11 - 11 = -b, -10 = -2*s - b. Suppose -s*y + 2 = -26. Calculate the remainder when ((-3)/3)/(2/(-38)) is divided by y.
5
Suppose y - t - 64 = 4*t, 4*y = 2*t + 274. Calculate the remainder when y is divided by 37.
32
Suppose 20 = -4*v - 5*l - 15, 3*v + 2*l = -28. Suppose 0 = 5*w - 2*y - 111, 33 = w - 0*y - 4*y. Calculate the remainder when (-5)/(v/4) - -38 is divided by w.
19
Suppose -3 = -x + 4*v - 3*v, -3*x = 3*v - 3. Suppose -2*i = -4*i + 20. What is the remainder when x is divided by (-9)/(-54) + i/12?
0
Suppose 0 = -w + 3*s + 9, 0 = s - 2*s + 1. Suppose -a + 10 = -5*i - w, -17 = -a + 4*i. What is the remainder when 18 + 3 + a + -1 is divided by 9?
8
Suppose -212 = -5*s - 2*y, 3*y + 66 = 3*s - 57. Calculate the remainder when 121 is divided by s.
37
Let a be 7/(-1) - 1*-1. Suppose -3*t - 21 = -75. Calculate the remainder when 7 is divided by (-3)/t + (-19)/a.
1
Let t be 2/(-6)*-3 - 1. Suppose w - 29 - 6 = t. Suppose -j - 1 = m, -2*j + 7*j - 3*m = w. What is the remainder when j is divided by 3?
1